{"id":214,"date":"2017-09-27T01:16:22","date_gmt":"2017-09-26T22:16:22","guid":{"rendered":"https:\/\/direksiyondersi.ist\/direksiyondersi\/?page_id=214"},"modified":"2017-09-27T03:49:34","modified_gmt":"2017-09-27T00:49:34","slug":"ileri-surus-teknikleri-2","status":"publish","type":"page","link":"https:\/\/direksiyondersi.ist\/direksiyondersi\/ileri-surus-teknikleri-2\/","title":{"rendered":"\u0130leri S\u00fcr\u00fc\u015f Teknikleri"},"content":{"rendered":"<div class=\"wpb-content-wrapper\"><p>[vc_row][vc_column][vc_column_text css=&#8221;.vc_custom_1506466645828{background-color: rgba(255,255,255,0.7) !important;*background-color: rgb(255,255,255) !important;}&#8221;]<\/p>\n<h1 style=\"text-align: center;\">G\u00dcVENL\u0130 S\u00dcR\u00dcC\u00dcL\u00dcK NED\u0130R?<\/h1>\n<p>Motorlu Ara\u00e7 Kullan\u0131m\u0131 \u00e7o\u011fumuzun g\u00fcnl\u00fck olarak yapt\u0131\u011f\u0131 aktiviteler aras\u0131nda en tehlikelilerinden biri olmas\u0131na ra\u011fmen; hakk\u0131nda en az bilgi ve beceriye sahip oldu\u011fumuz bir konudur.<\/p>\n<p>T\u00fcm d\u00fcnyada oldu\u011fu gibi, \u00fclkemizde de s\u00fcr\u00fcc\u00fc kurslar\u0131 trafik kurallar\u0131n\u0131, otolar\u0131n temel fonksiyonlar\u0131n\u0131 ve bir yerden ba\u015fka bir yere gidebilmeyi \u00f6\u011fretir. Ancak, bu arada acil bir durumdan nas\u0131l kurtulanaca\u011f\u0131n\u0131 ve bu duruma d\u00fc\u015fmemek i\u00e7in gerekli \u00f6nlemleri \u00f6\u011fretmez. Bu y\u00fczden \u00fclkemizde otomobil kullanma ile ilgili bilgiler kulaktan dolma ve \u00e7o\u011funlukla yanl\u0131\u015ft\u0131r.<\/p>\n<p>G\u00fcn\u00fcm\u00fcz\u00fcn ac\u0131mas\u0131z trafik ortam\u0131nda ise eksik ve yanl\u0131\u015f bilgi ile yola \u00e7\u0131kan s\u00fcr\u00fcc\u00fcn\u00fcn \u015fans\u0131 \u00e7ok azd\u0131r.<\/p>\n<h3 style=\"text-align: center;\">NEDEN E\u011e\u0130T\u0130M ALINMALI<\/h3>\n<h4>Can g\u00fcvenli\u011fi sa\u011flamak i\u00e7in:<\/h4>\n<ul>\n<li>Hayattaki en kutsal hakk\u0131n\u0131z ya\u015famakt\u0131r.<\/li>\n<li>D\u00fcnyan\u0131n en tehlikeli trafik ortam\u0131 \u00fclkemizdedir.<\/li>\n<li>\u00dclkemizdeki trafik kazalar\u0131 % 95 oran\u0131nda s\u00fcr\u00fcc\u00fc bilgi ve beceri noksanl\u0131\u011f\u0131ndan kaynaklanmaktad\u0131r.<\/li>\n<li>Trafik, hayat\u0131m\u0131z\u0131n b\u00fcy\u00fck bir k\u0131sm\u0131n\u0131 ge\u00e7irmek zorunda oldu\u011fumuz, \u00e7ok payda\u015fl\u0131, son derece tehlikeli bir ortakl\u0131kt\u0131r.<\/li>\n<\/ul>\n<h4>Maliyetleri azaltmak i\u00e7in:<\/h4>\n<ul>\n<li>Azalan kaza riskleri ve ara\u00e7 onar\u0131m masraflar\u0131.<\/li>\n<li>Azalan i\u015f\u00e7ilik kayb\u0131.<\/li>\n<li>Azalan yak\u0131t giderleri.<\/li>\n<li>Azalan ara\u00e7 bak\u0131m giderleri.<\/li>\n<li>Azalan ara\u00e7 sigorta giderleri.<\/li>\n<li>En g\u00fcncel bir toplumsal sorunun \u00e7\u00f6z\u00fcm\u00fcne katk\u0131da bulunmak i\u00e7in:<\/li>\n<\/ul>\n<p>Baz\u0131 dikkat \u00e7ekici istatistiklere bakt\u0131\u011f\u0131m\u0131zda, Ya\u015fam\u0131m\u0131zda bizleri ve yak\u0131nlar\u0131m\u0131z\u0131 bekleyen en b\u00fcy\u00fck tehlikelerden biri trafik kazalar\u0131d\u0131r demeden ge\u00e7mek m\u00fcmk\u00fcn de\u011fildir. Konunun genel anlamda \u00e7\u00f6z\u00fcm\u00fc i\u00e7in devlet kanad\u0131nda bir sahiplenme gerekmektedir.<\/p>\n<p>D\u00fcnyada yayg\u0131n olarak kullan\u0131lan S\u00fcr\u00fcc\u00fc Geli\u015ftirme Programlar\u0131&#8217; n\u0131n bir par\u00e7as\u0131 olan \u00c7a\u011fda\u015f Trafik E\u011fitimi Projesi ile s\u00fcr\u00fcc\u00fclerin trafikteki davran\u0131\u015flar\u0131n\u0131n olumlu y\u00f6nde de\u011fi\u015ftirilmesi hedeflenmelidir. Ancak \u015fu an itibar\u0131 ile bu imkan hen\u00fcz \u00fclkemizde mevcut olmad\u0131\u011f\u0131ndan bireysel \u00e7abalardan \u00f6te fazla bir \u015fey yap\u0131lamamaktad\u0131r.<\/p>\n<p>\u00d6zel dersler alarak otomobil kullan\u0131m\u0131 ile ilgili bilgi ve becerisini y\u00fckselten, tehlikeyi \u00f6nceden g\u00f6rerek tan\u0131mlayabilen ve kazaya yatk\u0131nl\u0131\u011f\u0131 d\u00fc\u015f\u00fck, \u00e7a\u011fda\u015f ve g\u00fcvenli s\u00fcr\u00fcc\u00fclerin yeti\u015fmesine katk\u0131da bulunman\u0131z\u0131n \u00fclkemizdeki trafik kaosunun \u00e7\u00f6z\u00fcm\u00fcne y\u00f6nelik \u00f6nemli bir destek oldu\u011funa inan\u0131yoruz.<\/p>\n<p>G\u00fcn\u00fcm\u00fcz\u00fcn ac\u0131mas\u0131z trafik ortam\u0131nda ise eksik ve yanl\u0131\u015f bilgi ile yola \u00e7\u0131kan s\u00fcr\u00fcc\u00fcn\u00fcn \u015fans\u0131 \u00e7ok azd\u0131r. Bu ba\u011flamda, Direksiyon Geli\u015ftirme Merkezi&#8217; nin vermi\u015f oldu\u011fu \u00f6zel e\u011fitim programlar\u0131 ile kursiyerlere otomobili daha iyi kullanma ve tehlikeleri \u00f6nceden g\u00f6rme gibi konularda gerekli beceriler kazand\u0131r\u0131lmakta ve trafikteki can g\u00fcvenliklerine \u00f6nemli katk\u0131lar sa\u011flanmaktad\u0131r.<\/p>\n<p>Bizden alaca\u011f\u0131n\u0131z e\u011fitim ile t\u00fcm bilgilere sahip olacaks\u0131n\u0131z.[\/vc_column_text][\/vc_column][\/vc_row]<\/p>\n<\/div>","protected":false},"excerpt":{"rendered":"<p>[vc_row][vc_column][vc_column_text css=&#8221;.vc_custom_1506466645828{background-color: rgba(255,255,255,0.7) !important;*background-color: rgb(255,255,255) !important;}&#8221;] G\u00dcVENL\u0130 S\u00dcR\u00dcC\u00dcL\u00dcK NED\u0130R? Motorlu Ara\u00e7 Kullan\u0131m\u0131 \u00e7o\u011fumuzun g\u00fcnl\u00fck olarak yapt\u0131\u011f\u0131 aktiviteler aras\u0131nda en tehlikelilerinden biri olmas\u0131na ra\u011fmen; hakk\u0131nda en az bilgi ve beceriye sahip oldu\u011fumuz bir konudur. T\u00fcm d\u00fcnyada oldu\u011fu gibi, \u00fclkemizde de s\u00fcr\u00fcc\u00fc kurslar\u0131 trafik kurallar\u0131n\u0131, otolar\u0131n temel fonksiyonlar\u0131n\u0131 ve bir yerden ba\u015fka bir yere gidebilmeyi \u00f6\u011fretir. Ancak, [&hellip;]<\/p>\n","protected":false},"author":1,"featured_media":0,"parent":0,"menu_order":0,"comment_status":"closed","ping_status":"closed","template":"","meta":{"footnotes":""},"class_list":["post-214","page","type-page","status-publish","hentry"],"_links":{"self":[{"href":"https:\/\/direksiyondersi.ist\/direksiyondersi\/wp-json\/wp\/v2\/pages\/214","targetHints":{"allow":["GET"]}}],"collection":[{"href":"https:\/\/direksiyondersi.ist\/direksiyondersi\/wp-json\/wp\/v2\/pages"}],"about":[{"href":"https:\/\/direksiyondersi.ist\/direksiyondersi\/wp-json\/wp\/v2\/types\/page"}],"author":[{"embeddable":true,"href":"https:\/\/direksiyondersi.ist\/direksiyondersi\/wp-json\/wp\/v2\/users\/1"}],"replies":[{"embeddable":true,"href":"https:\/\/direksiyondersi.ist\/direksiyondersi\/wp-json\/wp\/v2\/comments?post=214"}],"version-history":[{"count":2,"href":"https:\/\/direksiyondersi.ist\/direksiyondersi\/wp-json\/wp\/v2\/pages\/214\/revisions"}],"predecessor-version":[{"id":248,"href":"https:\/\/direksiyondersi.ist\/direksiyondersi\/wp-json\/wp\/v2\/pages\/214\/revisions\/248"}],"wp:attachment":[{"href":"https:\/\/direksiyondersi.ist\/direksiyondersi\/wp-json\/wp\/v2\/media?parent=214"}],"curies":[{"name":"wp","href":"https:\/\/api.w.org\/{rel}","templated":true}]}}